{"id":197,"date":"2023-08-26T13:43:48","date_gmt":"2023-08-26T13:43:48","guid":{"rendered":"https:\/\/www.vdbh.ch\/?page_id=197"},"modified":"2023-08-26T13:43:48","modified_gmt":"2023-08-26T13:43:48","slug":"planung-und-durchfuehrung","status":"publish","type":"page","link":"https:\/\/www.vdbh.ch\/?page_id=197","title":{"rendered":"Planung und Durchf\u00fchrung"},"content":{"rendered":"\n<p>Die erfolgreiche Umsetzung jedes Projekts erfordert eine gr\u00fcndliche Planung und eine reibungslose Durchf\u00fchrung. Bei uns k\u00f6nnen Sie sicher sein, dass Ihr Projekt von Anfang bis Ende in erfahrenen und kompetenten H\u00e4nden liegt. Unser bew\u00e4hrter Ansatz zur Planung und Durchf\u00fchrung stellt sicher, dass jeder Schritt pr\u00e4zise geplant und professionell umgesetzt wird.<\/p>\n\n\n\n<p>Unsere Experten bringen nicht nur Fachwissen, sondern auch eine ausgepr\u00e4gte Planungsstruktur mit. Wir h\u00f6ren aufmerksam zu, um Ihre Anforderungen zu verstehen, und entwickeln dann einen ma\u00dfgeschneiderten Plan, der Ihre Ziele und Zeitvorgaben ber\u00fccksichtigt. Dabei legen wir Wert auf Transparenz, sodass Sie stets \u00fcber den Fortschritt informiert sind.<\/p>\n\n\n\n<p>Wenn es um die Durchf\u00fchrung geht, setzen wir auf Effizienz, Pr\u00e4zision und Sorgfalt. Unsere erfahrenen Teams arbeiten Hand in Hand, um sicherzustellen, dass jeder Aspekt gem\u00e4\u00df den h\u00f6chsten Standards umgesetzt wird. Dabei verlieren wir weder Zeit noch Detail aus den Augen, um ein Ergebnis zu erzielen, auf das Sie stolz sein k\u00f6nnen.<\/p>\n\n\n\n<p>Unsere Planung und Durchf\u00fchrung sind nicht nur auf das Projekt selbst beschr\u00e4nkt, sondern ber\u00fccksichtigen auch Ihre individuellen Bed\u00fcrfnisse und Erwartungen. Wir arbeiten eng mit Ihnen zusammen, um sicherzustellen, dass der gesamte Prozess reibungslos verl\u00e4uft und Ihre Ziele erreicht werden.<\/p>\n\n\n\n<p>Willkommen bei einem Team, das Planung und Durchf\u00fchrung als Kunstform betrachtet. Wir sind hier, um sicherzustellen, dass Ihr Projekt von Anfang bis Ende in den besten H\u00e4nden liegt und Sie mit den Ergebnissen mehr als zufrieden sein werden.<\/p>\n","protected":false},"excerpt":{"rendered":"<p>Die erfolgreiche Umsetzung jedes Projekts erfordert eine gr\u00fcndliche Planung und eine reibungslose Durchf\u00fchrung. Bei uns k\u00f6nnen Sie sicher sein, dass Ihr Projekt von Anfang bis Ende in erfahrenen und kompetenten H\u00e4nden liegt. Unser bew\u00e4hrter Ansatz zur Planung und Durchf\u00fchrung stellt sicher, dass jeder Schritt pr\u00e4zise geplant und professionell umgesetzt wird. Unsere Experten bringen nicht nur [&hellip;]<\/p>\n","protected":false},"author":1,"featured_media":0,"parent":0,"menu_order":0,"comment_status":"closed","ping_status":"closed","template":"","meta":{"footnotes":""},"class_list":["post-197","page","type-page","status-publish","hentry"],"_links":{"self":[{"href":"https:\/\/www.vdbh.ch\/index.php?rest_route=\/wp\/v2\/pages\/197","targetHints":{"allow":["GET"]}}],"collection":[{"href":"https:\/\/www.vdbh.ch\/index.php?rest_route=\/wp\/v2\/pages"}],"about":[{"href":"https:\/\/www.vdbh.ch\/index.php?rest_route=\/wp\/v2\/types\/page"}],"author":[{"embeddable":true,"href":"https:\/\/www.vdbh.ch\/index.php?rest_route=\/wp\/v2\/users\/1"}],"replies":[{"embeddable":true,"href":"https:\/\/www.vdbh.ch\/index.php?rest_route=%2Fwp%2Fv2%2Fcomments&post=197"}],"version-history":[{"count":1,"href":"https:\/\/www.vdbh.ch\/index.php?rest_route=\/wp\/v2\/pages\/197\/revisions"}],"predecessor-version":[{"id":198,"href":"https:\/\/www.vdbh.ch\/index.php?rest_route=\/wp\/v2\/pages\/197\/revisions\/198"}],"wp:attachment":[{"href":"https:\/\/www.vdbh.ch\/index.php?rest_route=%2Fwp%2Fv2%2Fmedia&parent=197"}],"curies":[{"name":"wp","href":"https:\/\/api.w.org\/{rel}","templated":true}]}}